 p(l) = -2417*l - 14496. Determine p(-6).
6
Let u(w) = 5309*w + 10613. Calculate u(-2).
-5
Let k(y) = 2*y**2 - 400*y + 10197. What is k(170)?
-3
Let o(h) = -11*h**2 - 17*h + 15. What is o(0)?
15
Let u(j) = -2*j**2 - 151*j - 155. What is u(-1)?
-6
Let v(w) = w**3 + 4*w**2 - 27*w - 75. Calculate v(-5).
35
Let j(l) = -12*l**3 - 7*l**2 - 10*l + 1. Give j(-3).
292
Let p(l) = -183*l + 120. Give p(3).
-429
Let d(r) = -6*r**2 + 36*r + 37. Calculate d(7).
-5
Let q(p) = -7*p**2 + 5*p + 87. Calculate q(5).
-63
Let j(t) = t**2 - 1182*t + 201060. Determine j(206).
4
Let j(m) = -2*m**3 + 10*m**2 - 20*m + 13. Calculate j(2).
-3
Let v(u) = 34*u**2 + 37*u + 40. Determine v(-3).
235
Let s(d) = d**2 - 470*d + 3745. Calculate s(8).
49
Let g(c) = -2*c - 100. What is g(41)?
-182
Let q(v) = -2*v**2 + 57*v - 54. Calculate q(29).
-83
Let j(g) = -23*g**3 + 5*g**2 - 6*g - 2. Determine j(2).
-178
Let m(y) = y**3 + 25*y**2 - 44*y + 283. What is m(-27)?
13
Let y(j) = -127*j - 4575. Calculate y(-36).
-3
Let p(m) = -12*m + 57. Calculate p(3).
21
Let h(m) = -m**3 - 49*m**2 + 60*m + 530. What is h(-50)?
30
Let b(h) = -1225*h - 7350. What is b(-6)?
0
Let t(w) = w**2 + 262*w + 1557. Determine t(-6).
21
Let s(q) = -q**2 + 19*q + 282. Calculate s(-10).
-8
Let w(k) = k**2 - 65*k - 5922. What is w(116)?
-6
Let x(r) = -28*r - 387. Calculate x(-13).
-23
Let k(o) = -2*o**3 - 2*o**2 + 3*o + 11. Give k(-3).
38
Let i(u) = 122*u + 170. Calculate i(-6).
-562
Let s(w) = 7*w + 90. Determine s(9).
153
Let d(v) = v**3 + 74*v**2 + 170*v + 7100. What is d(-73)?
19
Let c(z) = -z**3 + 378*z**2 + z - 384. What is c(378)?
-6
Let o(k) = -4*k**3 - 63*k**2 - 6*k - 381. Determine o(-16).
-29
Let p(m) = 35*m + 653. What is p(-27)?
-292
Let b(g) = 19*g + 46. Determine b(-3).
-11
Let a(n) = -67*n - 1774. What is a(-26)?
-32
Let h(d) = -d**3 + 5*d**2 + 140*d - 135. What is h(14)?
61
Let f(y) = y**3 + 344*y**2 + 337*y - 2053. Calculate f(-343).
5
Let b(u) = -4*u**2 + 40*u - 48. Give b(9).
-12
Let c(v) = 80*v + 864. Determine c(-12).
-96
Let h(g) = -g**3 + 19*g**2 - 23*g + 19. What is h(18)?
-71
Let r(k) = k**2 + 8*k + 4. Determine r(-6).
-8
Let g(m) = 2*m**2 - 72*m - 80. Calculate g(24).
-656
Let h(r) = -r**2 - 63*r - 829. What is h(-49)?
-143
Let x(f) = f**2 + 928*f - 27758. What is x(29)?
-5
Let x(p) = -4*p**3 - 10*p**2 + 16*p + 34. Calculate x(3).
-116
Let u(x) = 275*x + 4130. Determine u(-15).
5
Let c(j) = -2*j**3 - 10*j**2 - 6*j + 44. Give c(-5).
74
Let m(j) = 2*j**3 + 122*j**2 + 2*j + 119. Calculate m(-61).
-3
Let n(a) = 17*a - 577. Determine n(8).
-441
Let z(i) = -462*i - 4646. Give z(-10).
-26
Let x(b) = -b**3 - 160*b**2 - 290*b + 4102. Determine x(-158).
-6
Let s(k) = -2*k**2 + 107*k - 241. Give s(51).
14
Let h(x) = -x**3 - 47*x**2 - 74*x - 1201. Give h(-46).
87
Let h(y) = -y**2 - 8*y + 20. Give h(8).
-108
Let l(z) = -z**2 + 29*z + 178. What is l(32)?
82
Let g(a) = -3867*a - 7730. What is g(-2)?
4
Let r(h) = 6*h**2 + 17*h + 17. What is r(-4)?
45
Let g(r) = -r**3 - 2*r**2 + 27*r - 53. What is g(-7)?
3
Let z(w) = 66*w - 84. Calculate z(1).
-18
Let h(f) = -2*f**3 + 84*f**2 + 82*f + 174. Calculate h(43).
2
Let u(q) = -273*q + 2176. What is u(8)?
-8
Let w(o) = -o**2 - 33*o - 289. Determine w(-13).
-29
Let i(c) = -67*c - 336. What is i(-6)?
66
Let x(o) = 623*o - 8092. Calculate x(13).
7
Let t(m) = -89*m + 1966. Give t(22).
8
Let f(n) = 5*n**2 + 73*n - 8. Give f(-12).
-164
Let f(g) = -3*g**2 - 27*g + 885. Calculate f(-22).
27
Let z(t) = 3*t**2 + 23*t + 14. Give z(-6).
-16
Let i(m) = m**2 - 914*m + 14367. What is i(16)?
-1
Let y(l) = 973*l + 6821. Calculate y(-7).
10
Let i(o) = o**3 - 43*o**2 - 87*o - 10. Give i(-2).
-16
Let s(o) = -2*o**2 - 73*o - 40. What is s(-39)?
-235
Let r(p) = p**3 - 4*p**2 - 117*p + 32. Calculate r(13).
32
Let z(s) = 78*s - 112. Give z(1).
-34
Let f(m) = -27*m**2 + 1464*m - 323. Determine f(54).
1
Let j(d) = 10*d + 1. Give j(2).
21
Let o(g) = 8*g + 384. Calculate o(-43).
40
Let r(h) = -18*h + 534. Determine r(30).
-6
Let i(q) = 2*q**3 + 30*q**2 + 75*q - 28. Give i(-12).
-64
Let f(r) = -46*r + 617. What is f(14)?
-27
Let w(o) = -o**3 - 12*o**2 + 2*o + 3. Determine w(-3).
-84
Let v(i) = 84*i**2 + 4204*i + 205. What is v(-50)?
5
Let i(n) = -2*n**3 + n**2 + 5*n. Give i(-2).
10
Let k(s) = 10*s**2 - 28*s - 13. Determine k(4).
35
Let l(a) = 37*a - 125. Give l(2).
-51
Let y(o) = 4*o**2 + 184*o - 1228. Give y(-52).
20
Let b(y) = 26*y + 196. Calculate b(-7).
14
Let b(c) = -17*c**2 - 1328*c - 84. Calculate b(-78).
72
Let v(k) = 2*k**3 - 33*k**2 + 41*k + 48. Calculate v(15).
-12
Let w(x) = 28*x - 110. Determine w(-8).
-334
Let q(n) = -19*n + 192. Calculate q(10).
2
Let v(w) = -w**2 + 162*w + 6218. Calculate v(-33).
-217
Let g(c) = -5*c - 47. Give g(6).
-77
Let j(n) = -2*n**3 + 3*n**2 - 24*n + 102. Give j(3).
3
Let u(w) = -32*w**3 + 2*w**2 + w - 1. What is u(1)?
-30
Let l(s) = -2*s**3 + s**2 - s + 22. Determine l(5).
-208
Let j(p) = -25*p - 245. What is j(-12)?
55
Let s(q) = -q**2 - 1742*q - 8681. What is s(-5)?
4
Let o(l) = 3*l**3 + 25*l**2 + 10*l + 30. Determine o(-7).
156
Let p(k) = -k**2 + 81*k + 2685. What is p(-26)?
-97
Let c(h) = -h**3 - 24*h**2 - 149*h + 67. Give c(-14).
193
Let j(t) = -t**3 + 20*t**2 + 190*t - 98. Give j(27).
-71
Let p(l) = 640*l - 3222. What is p(5)?
-22
Let z(a) = -a**3 + 16*a**2 - 50*a + 42. What is z(10)?
142
Let z(k) = -k**2 - 82*k - 5. What is z(0)?
-5
Let m(y) = -120*y - 1437. What is m(-12)?
3
Let k(u) = 3856*u - 38554. Give k(10).
6
Let x(k) = k**2 + 106*k - 1804. Calculate x(-121).
11
Let s(l) = 2*l**2 - 29*l - 48. Calculate s(15).
-33
Let i(l) = -6*l**2 + 47*l + 49. Determine i(-1).
-4
Let y(u) = -u**3 - 25*u**2 - 149*u + 117. Determine y(-13).
26
Let f(p) = -p**3 - 14*p**2 + 18*p - 16. Calculate f(-15).
-61
Let y(b) = b**3 + 15*b**2 - 273*b - 4029. Determine y(-14).
-11
Let k(p) = -17*p**3 - 3*p**2 - 10*p - 13. What is k(-2)?
131
Let o(q) = -q**3 - q**2 - 47*q + 14. Determine o(0).
14
Let r(p) = -61*p - 486. Determine r(-8).
2
Let v(s) = 102*s + 144. Calculate v(-2).
-60
Let v(f) = 110*f + 884. Calculate v(-8).
4
Let a(l) = 11*l**3 + 4*l**2 - 46*l + 82. What is a(2)?
94
Let v(m) = -3*m + 149. What is v(50)?
-1
Let i(k) = 636*k + 29257. Calculate i(-46).
1
Let d(y) = 7272*y + 58134. Determine d(-8).
-42
Let h(c) = c**2 - 114*c + 1127. Determine h(11).
-6
Let r(m) = -73*m - 2033. Determine r(-28).
11
Let r(c) = -c**3 - 30*c**2 - 213*c - 7. Calculate r(-18).
-61
Let t(x) = 5*x**2 - 90*x + 183. Determine t(24).
903
Let s(y) = -353*y + 592. Give s(2).
-114
Let k(n) = 219*n - 93. What is k(1)?
126
Let n(u) = 8*u**2 + 45*u - 334. Determine n(-10).
16
Let w(b) = b**3 + 22*b**2 + 65*b - 9. What is w(-18)?
117
Let a(y) = -6*y**3 + 5*y**2 - 5*y + 4. Give a(2).
-34
Let z(h) = -h**2 - 4*h + 9. Calculate z(2).
-3
Let a(k) = -3*k**2 - 234*k - 184. What is a(-76)?
272
Let r(z) = 241*z + 1. Calculate r(-2).
-481
Let o(g) = 860*g + 2576. What is o(-3)?
-4
Let q(r) = -r**2 + 58*r + 2190. Determine q(-26).
6
Let q(w) = w**3 - 21*w**2 + 245*w - 5899. Determine q(22).
-25
Let t(u) = 14*u**3 + 4*u**2 - 60*u + 117. Calculate t(2).
125
Let w(r) = -30*r**3 - 122*r**2 - 11*r - 7. Calculate w(-4).
5
Let r(d) = -103*d + 620. What is r(6)?
2
Let w(m) = m**3 - 14*m**2 - 16*m + 387. Determine w(13).
10
Let p(f) = -f**2 + 14*f + 233. Give p(24).
-7
Let k(l) = 97*l - 4556. Determine k(47).
3
Let q(p) = -5*p**2 + 543*p + 1334. Give q(111).
2
Let t(p) = 8*p**3 - 312*p**2 + 4*p - 154. Give t(39).
2
Let g(u) = 7*u**2 - 53*u - 17. Give g(8).
7
Let i(v) = -v + 29. Calculate i(16).
13
Let g(i) = -i**3 + 9*i**2 + 181*i + 120. Calculate g(-9).
-51
Let h(a) = 49*a + 511. Determine h(-11).
-28
Let i(l) = -l**2 + 18*l + 188. Calculate i(-10).
-92
Let q(i) = -i**3 - 10*i**2 + 15*i + 76. Give q(-6).
-158
Let v(l) = -8*l**3 - 120*l**2 + 26*l + 407. What is v(-15)?
17
Let g(n) = 22*n + 157. What is g(12)?
421
Let v(k) = 4*k**3 + 71*k**2 + 47*k - 86. Give v(-17).
-18
Let g(q) = -24*q - 1321. What is g(-55)?
-1
Let j(r) = 849*r**2 - 4253*r + 23. Determine j(5).
-17
Let h(o) = 121*o - 1446. What is h(12)?
6
Let c(g) = -20*g + 723. What is c(36)?
3
Let h(i) = -297*i + 1500. Calculate h(5).
15
Let l(f) = -2*f**3 - 17*f**2 - f - 22. Determine l(-9).
68
Let h(b) = b**3 - 12*b**2 - 173*b + 2078. Give h(13).
-2
